mmon factor of 94 and g.
47
Suppose 3*g + 4 = 5*g. Suppose 0 = g*a + z + 3*z + 18, z = -4. Let i be (a/(-3))/(3/27). Calculate the highest common divisor of i and 9.
3
Let r(a) = a**3 + a - 1. Let s be r(1). Let t be 1/s + 12 + -7. Calculate the highest common divisor of 18 and t.
6
Suppose 2*r = -3*r + 225. Suppose 0 = 5*x - 4*x - r. What is the greatest common factor of x and 5?
5
Suppose 3*v - 4 = -5*k, -5 = 3*v + 1. Suppose -5*u + 421 = k*r, -r - 689 = -5*u - 262. Let m = u + -40. What is the greatest common divisor of 18 and m?
9
Let p(y) = 3*y**2 + 77*y + 2. Let h be p(-26). Calculate the highest common divisor of 518 and h.
14
Let v(l) = l**3 + 8*l**2 - 18*l + 23. Let b be v(-10). Suppose -5*r = -3*h + 126 - 21, b*r = 0. What is the greatest common factor of 5 and h?
5
Let l(p) = -p**3 - 7*p**2 - 11*p - 3. Suppose -5*o = -6 + 31. Let k be l(o). What is the greatest common factor of 26 and k?
2
Let m = -133 + 130. Let k be 10/m*42/(-7). What is the greatest common factor of k and 20?
20
Let y(m) = -m**3 + 43*m**2 - 83*m + 69. Let d be y(41). What is the greatest common factor of 4 and d?
4
Let a be (-8 - -5)/(12/(-32)). Let p be -3 + (-3 - (-28)/a)*550. What is the greatest common factor of 34 and p?
34
Let m be 174/33 - (35 - 30) - 852/(-22). Suppose -4*k - 3*j = -40, 0 = k - 0*k + 3*j - 1. What is the greatest common divisor of m and k?
13
Let j(x) = 957*x**2 - 2*x - 3. Let d be j(-1). Let w = -659 + d. Calculate the greatest common factor of 27 and w.
27
Suppose -5*w = 2*h - 93, 4*w - w = -3*h + 63. Let x be (11 - (9 - 4)) + -40. Let a be (1 - x) + (-4)/(-20)*-5. What is the greatest common divisor of a and w?
17
Let j = 63 + 1. Let h = -11 + j. Calculate the highest common divisor of h and 477.
53
Let b(w) = -w - 11. Let q be b(-7). Let i be -2 + q/8*-34. What is the highest common divisor of i and 75?
15
Let y = 1615 - 1034. What is the highest common divisor of 83 and y?
83
Let a(s) = 299*s - 451. Let f be a(4). What is the highest common divisor of f and 5?
5
Suppose -c + 5 = 6, 2*c = 2*w - 8. Suppose -2*k + 2*i = -98, 5*k - 4*i = -w*i + 241. What is the greatest common divisor of k and 6?
6
Let r = -2518 - -2602. What is the greatest common divisor of r and 1134?
42
Let q(r) = 5*r**3 - 7*r**2 - 4*r + 28. Let z be q(6). Suppose 3*c + s = z, -1370 = -4*c - c - 5*s. What is the greatest common factor of 31 and c?
31
Suppose 30*r + 31*r - 44652 = 0. What is the greatest common factor of 12 and r?
12
Suppose 0*b - 4*b = 2*x - 1030, x - 5*b = 522. Calculate the greatest common factor of 47 and x.
47
Let q = 66 - 63. Suppose -2*n + 34 = 2*n - 2*h, -3*n + 18 = -q*h. Let g = 234 + -146. What is the highest common divisor of n and g?
11
Let q = -2355 - -2385. Let h(v) = 84*v**2 + 3*v. Let b be h(-2). Calculate the highest common divisor of q and b.
30
Let a = -497 - -1653. Suppose 5*z - a = 989. Let w = -249 + z. What is the highest common divisor of 20 and w?
20
Suppose 0*k = 3*k - 51. Suppose -4*j + k = 1. What is the highest common factor of j and 68?
4
Suppose -17*a = -89 - 81. What is the highest common factor of a and 1490?
10
Let g be ((-56)/(-12))/((-22)/(-33)). Calculate the highest common divisor of 21 and g.
7
Let x(z) = -36*z - 60. Let d be x(-7). What is the greatest common factor of 48 and d?
48
Let o be (6 + (-248)/32)*(-27 - 1). What is the highest common divisor of o and 14?
7
Suppose 4*v + 0*u + u = 66, -4*v + 64 = 2*u. Let p(x) = 2*x**2 - 4*x + 3. Let w be p(-4). What is the greatest common divisor of v and w?
17
Suppose 3*b = -5*v + 2*v + 225, 6*b - 4*v - 480 = 0. What is the highest common factor of 208 and b?
26
Let p(z) = 6*z - 2*z - 5 - 2*z. Let j = -17 - -21. Let x be p(j). Calculate the highest common divisor of 1 and x.
1
Suppose 76 = 3*j - 86. Let y be (-752)/(-18) + 4*3/j. What is the highest common divisor of y and 84?
42
Let z(c) = 2*c**3 + 21*c**2 - 13*c - 16. Let r be z(-11). What is the highest common factor of r and 72?
6
Suppose -c + f = -53, f = 2*c - 2*f - 107. Let d = 1596 - 1518. What is the highest common divisor of c and d?
26
Let m(h) = -19*h + 103. Let t be m(4). Calculate the greatest common divisor of t and 297.
27
Let c = 2178 + -1278. What is the greatest common divisor of 25 and c?
25
Suppose z - 4*y + 2 = -9, -5*z - 5*y = 5. Let w be 30*(-21)/18*z. What is the greatest common factor of 30 and w?
15
Let g be 26 + -20 + 2*24. Calculate the highest common factor of g and 54.
54
Let a(i) = -i**2 - 19*i - 26. Let t(y) = y**2 + 19*y + 27. Let g(x) = 6*a(x) + 5*t(x). Let h be g(-15). Calculate the greatest common factor of h and 351.
39
Suppose 3*d - 56 = -d. Let r = -2481 + 2635. Calculate the highest common factor of r and d.
14
Suppose 177 = -0*y - 3*y. Let t = y - -63. What is the highest common factor of 20 and t?
4
Let n(z) = -153*z - 1. Let d be n(-1). Let b = -88 + d. Let l be b/10 + 2/(-5). What is the greatest common divisor of 42 and l?
6
Suppose c + 3*f - 21 = 0, 0 = -2*c + 2*f - 6*f + 36. Let s be (22 + -28)/((-2)/5). Let h be (50/s + -4)*-36. Calculate the greatest common divisor of c and h.
12
Let u(f) = 6*f - 5. Let p be (-18)/(-16) - (-3 + (-150)/(-48)). Let x be u(p). Calculate the highest common divisor of 1 and x.
1
Suppose 17 + 37 = 2*v. Let r(j) = 40*j - 2. Let s(h) = -h + 1. Let p(q) = -r(q) + 4*s(q). Let m be p(-6). What is the highest common factor of v and m?
27
Let f = -25 + 89. Let n = f - 40. Let q be -6*(-3)/((-6)/(-20)). What is the highest common factor of q and n?
12
Suppose 2*c = -p - 2406, -p - 2*p = -2*c + 7226. Let d be 2 - p/63 - 4/18. What is the highest common divisor of 24 and d?
8
Let b be (-4)/14*(1 + -8). Suppose 0 = -b*k + k + 70. Calculate the highest common factor of k and 14.
14
Let n = -16 + 28. Suppose 0 = 3*b + 3*b + 78. Let w = -11 - b. Calculate the greatest common divisor of w and n.
2
Let y(w) = -w**3 - 15*w**2 - 5*w - 35. Let r be y(-15). Calculate the highest common factor of 50 and r.
10
Suppose -810 = -7*j - 2*j. Calculate the greatest common factor of j and 6.
6
Let p be (8/(-6))/((4/(-4))/39). What is the greatest common divisor of p and 4?
4
Let x = -34 + 56. Suppose 3*w + 132 = 7*w. Calculate the highest common divisor of x and w.
11
Let r = -145 + 332. Let p = -132 + r. Let z(j) = j**2 - j - 1. Let o be z(-2). What is the highest common factor of o and p?
5
Let r(o) = -5*o + 1 + 1 + o**2 + 0. Let n be r(7). Calculate the highest common factor of n and 144.
16
Suppose -22*d + 29*d - 91 = 0. What is the greatest common factor of d and 2?
1
Suppose -19*k = -17*k - 12. Suppose k*v - 115 - 53 = 0. Calculate the greatest common factor of v and 70.
14
Let v(a) = 4*a + 2. Let b be v(-3). Let d = -5 - b. Suppose 354 = d*h + 104. Calculate the highest common factor of h and 10.
10
Let v(r) = 2*r**3 + r**2 + r - 2. Let a be v(2). Suppose 219 = -l - a. Let s = l - -347. Calculate the highest common divisor of s and 12.
12
Let a be 5 + (5 - 6 - 2)*-1. What is the highest common divisor of a and 216?
8
Suppose 3*z - 5*n = -z + 38, -16 = -2*z + n. Let t = z - 12. Let w be 196/20 + (-1)/t. Calculate the greatest common factor of w and 25.
5
Let k(d) = -2*d**3 - 10*d**2 - 7*d + 12. Let o be k(-6). Let r = -7 + 21. Calculate the greatest common factor of r and o.
14
Suppose -2*h - 2*a + 584 = 0, -27*h = -23*h + 3*a - 1164. What is the greatest common divisor of h and 432?
144
Let d = 63 - 31. What is the highest common factor of d and 96?
32
Suppose -q = k - 155, 0 = 4*k + 323*q - 318*q - 622. Let p be (-2)/(-4)*(2 + 32). What is the greatest common divisor of k and p?
17
Let f = -1286 - -1338. Let u be -1*3/(1 - 2). Suppose -u*i + 2*i + f = 0. What is the greatest common factor of i and 13?
13
Let v(z) = 57*z - 1. Let g be v(1). Let y = 6585 - 6543. What is the highest common factor of y and g?
14
Suppose -3*c - 8 = -4*x, 2*x - c = -2 + 6. Let b(v) = 28*v - 1. Let j be b(x). Suppose -4*d = -29 - j. Calculate the highest common divisor of d and 14.
7
Let p(v) be the second derivative of -v**5/20 + v**3/6 + 2*v**2 - 2*v. Let t be p(-3). Suppose 0*r + r - t = 0. What is the highest common divisor of r and 14?
14
Let r(o) = o + 50. Let m be r(9). Calculate the greatest common factor of m and 649.
59
Let w be ((-18)/36)/((-1)/164). What is the highest